
21
Suppose -2*h + 24 = 4*s, s + h + 480 = 484. What is the greatest common factor of 542 and s?
2
Suppose 1872 = 212*m - 109*m - 91*m. Calculate the greatest common factor of 1452 and m.
12
Let j be 46 + (-9 - -12 - 15). Let g = -50 - -84. What is the greatest common divisor of g and j?
34
Let u be 4/(-3) + 336/63. Suppose -3*v = -3, -l + u*v + v = -117. Let m be l/42 - 12/(-126). Calculate the highest common factor of m and 12.
3
Suppose -8*o = -3*o - 300. Let d = o - 55. Suppose 3*a - 125 = -d*m, -2*a + 5*a = -4*m + 100. What is the highest common factor of 5 and m?
5
Let t be (-4)/(-22) + 860/110. Let n(b) = 6*b - t*b - 69 - 3*b. Let z be n(-16). Calculate the highest common divisor of z and 11.
11
Suppose -409*u + 16646988 - 53040 = 0. What is the greatest common divisor of 9 and u?
9
Let x be 4/(-24)*-438 - (1 + 0). Suppose -267*v + x = -258*v. Calculate the greatest common divisor of v and 232.
8
Suppose j - 1811 = -0*z + 3*z, 0 = -5*j + 4*z + 9088. Suppose -3*h = 2*h + 4*q - j, 0 = 3*h + q - 1099. Calculate the greatest common factor of 16 and h.
16
Suppose 0 = u - 5*u + 12, 3*w - 2*u = 0. Let g be 0 + -5*(-18)/45. Suppose w*z + g*z - 24 = 0. What is the highest common factor of 4 and z?
2
Let q be -6*((-6)/10 + (-174)/(-90))*-1. Suppose 4*c + 4*l = 5*l + 69, -c + 9 = -3*l. Let i = c - 10. Calculate the highest common factor of i and q.
8
Let k = 125 - 128. Let n be -4*(-5*k/(-3) - -4). Calculate the highest common factor of 6 and n.
2
Suppose -4*h + n + 1510 = -1295, 695 = h + n. Suppose 0*r = 35*r - h. Calculate the greatest common factor of 12 and r.
4
Let f be 539/22 + 91/(-14). Calculate the highest common factor of 21834 and f.
18
Let z = -217 - -214. Let r be -1 + (357 - (z - (-4 + 5))). What is the greatest common divisor of 40 and r?
40
Suppose 3*p = 2*p. Suppose 4*a + k - 41 - 196 = p, -a + 4*k = -72. Let i = -160 - -200. Calculate the highest common factor of a and i.
20
Let l be 1*-1*(-972)/(13 + -1). What is the greatest common factor of 711 and l?
9
Let s(l) = 2*l**2 + 26*l + 117. Let u be s(-3). What is the highest common divisor of u and 551?
19
Let z be (537/18*-2*-12)/2. Let o = z + -293. Calculate the highest common divisor of 39 and o.
13
Let x = 8688 + -8658. What is the greatest common divisor of 6300 and x?
30
Suppose 6*j - 11*j - 35 = 0. Let n be (1/((-7)/j))/(1/6). Suppose 9*z - 153 = n*z. Calculate the highest common factor of 3 and z.
3
Suppose -7*j = 256 - 1040. Suppose 25*m = 21*m + j. Suppose p - m = 35. Calculate the highest common factor of 9 and p.
9
Let w be (102 + 5)*9/((-9)/(-2)). What is the highest common factor of 749 and w?
107
Suppose 10 = a - 2*w + 6, -a + w + 8 = 0. What is the greatest common divisor of a and 309?
3
Let h be 2/(-10) + 665/(-175). Let p be (44 - (h - 0))/(-1 + 2). Calculate the greatest common divisor of 16 and p.
16
Let n = -1872 - -1938. Calculate the greatest common divisor of n and 880.
22
Let u(x) = -2*x**2 + 8*x + 3. Let l be u(4). Suppose -2*v + 180 = -w + 3*w, -310 = -l*w + 5*v. Calculate the highest common divisor of 76 and w.
19
Let q = -5600 + 5710. Calculate the highest common factor of 363 and q.
11
Let q = 16 - -41. Suppose -16*x = -21*x + 2*p + 285, q = x - p. What is the greatest common factor of 285 and x?
57
Let s be 16*(-4 + 6) - 0. Let w = s - 21. Let r(v) = 2*v - 7. Let g be r(w). Calculate the highest common divisor of g and 120.
15
Suppose 204 = -5*c + 744. Let u be (120/(-140))/(1/(-56)). What is the greatest common factor of u and c?
12
Let s = -287 - -345. Suppose -s*u + 919 = -2735. Calculate the highest common divisor of u and 630.
63
Let u(l) = 2*l**2 + 32*l - 67. Let j be u(-26). Let d = j + -129. What is the highest common divisor of 12 and d?
12
Suppose 4*k + 9*g = 6*g + 94, -k + 24 = g. Calculate the highest common factor of 88 and k.
22
Let y be -1662*(-7)/35 + (64/(-40))/4. Calculate the highest common divisor of y and 4150.
166
Let d(p) = -953*p + 19078. Let a be d(20). Suppose 4*v + 1299 = 2*y - 41, -2*v = 4. What is the highest common divisor of y and a?
18
Suppose -62*x = 14*x - 1368. What is the highest common factor of 7974 and x?
18
Suppose 0 = 2*q - 4*y + 28, q + 6*y + 20 = 5*y. Let p(d) = -d**3 - 18*d**2 - 4*d + 19. Let t be p(q). What is the highest common divisor of 26 and t?
13
Suppose -1386*k + 1416*k = 9960. Calculate the highest common factor of k and 1411.
83
Let s = -229 - -260. Suppose -s*q + 4608 = -13*q. Calculate the greatest common factor of 32 and q.
32
Suppose 2*x - 5*b = 445, 5*x + 8*b = 9*b + 1124. Suppose n - 90 = -4*i - 22, -2*n = -2*i + 44. What is the highest common factor of x and i?
9
Let p(b) = 5*b**2 - 4*b + 9. Let w be p(5). Let g = 156 - w. Let n be 4*(-3)/((-9)/g). Calculate the greatest common divisor of 56 and n.
56
Let c be 2290/115 - (-26)/299. Calculate the highest common factor of c and 310.
10
Let i be (8/(-12)*1)/((-8)/(-1728)). Let v = 151 + i. Calculate the greatest common factor of 7 and v.
7
Let s(r) = r**3 + r**2 - 9*r - 9. Let m be s(-2). Suppose -5*j + 0*n - m*n = -1060, -5*j + 1052 = 3*n. Calculate the highest common factor of 64 and j.
16
Let v = -804 - -1190. Let d = v - 17. What is the greatest common factor of 9 and d?
9
Let g = -4217 - -7644. Calculate the greatest common factor of 149 and g.
149
Let i be 247 + (-10 - 5)/(-3). Let h be 24/i + 733/21. What is the greatest common factor of 5 and h?
5
Let q be 159/4 - (-4 + (-38)/(-8)). Suppose -3*f + q = t, 4*f + 8*t - 4*t - 52 = 0. Let p = 588 + -289. What is the greatest common divisor of p and f?
13
Suppose -16*c - 472 = -696. What is the highest common factor of 3031 and c?
7
Let z be ((-14)/(-4) + -3)*14. Suppose 3*m = z*l - 9*l + 14, -m = -3*l + 10. Calculate the greatest common divisor of m and 54.
2
Suppose 47*d + 3062 = 16222. What is the greatest common divisor of d and 1008?
56
Suppose -154*s + 156*s - 864 = 0. Suppose -9*v - 180 = -s. What is the highest common divisor of v and 182?
14
Let d be (11 - -2) + (-2 - -6). Suppose 4*m - 377 = 471. Suppose 0 = 4*h + 8 - m. Calculate the greatest common factor of h and d.
17
Suppose 0 = 4*g - 2*c - 30, -2*g - 21*c + 30 = -19*c. Calculate the greatest common divisor of g and 22760.
10
Let u(k) = 52*k + 3. Suppose -s + 21 = 12. Let w be u(s). Let h = w - 273. What is the greatest common factor of h and 22?
22
Suppose 3*y + 6 = o, 12*y - 7*y = -o - 2. Suppose -4*x + o*x - 190 = -4*n, 4*n - 2*x - 188 = 0. Calculate the greatest common divisor of 6 and n.
6
Suppose 33*q - 41*q - 152 = 0. Let i be ((-1)/2*1)/(q/2736). What is the highest common factor of 126 and i?
18
Let h(m) = 4*m**2 - 146*m + 1286. Let a be h(22). Suppose -8 = n - 4, -4*l = -3*n - 272. What is the greatest common divisor of a and l?
5
Let y be (-299)/11 - 3 - 8/(-44). Let f be 184/(-1380) - (7684/y + 0). Calculate the greatest common factor of f and 16.
16
Let t = 1051 + -1050. Let v be 10/t - 12/(-4). What is the greatest common divisor of v and 1625?
13
Let a = -24 - -25. Let s(f) = 142*f**2 + 3*f - 2. Let q be s(a). Suppose 7*x - 563 = -q. What is the highest common divisor of 20 and x?
20
Suppose -8 = 16*x - 18*x. Suppose -x*n = -2*a, 2 + 1 = n. Suppose -b = -a*b + 3*q + 53, 0 = -b + q + 9. Calculate the greatest common factor of b and 26.
13
Let t be ((-140)/2)/(168/(-7980)). Calculate the greatest common factor of 266 and t.
133
Let k = -2765 - -5415. What is the greatest common divisor of 50 and k?
50
Let j(h) = -13*h + 11. Let y be j(-41). Let d(m) = 23*m - 121. Let g be d(6). Calculate the greatest common divisor of y and g.
17
Suppose 2*v - 28 - 38 = 0. Suppose -39*a - 3*a = -4612 - 5552. Calculate the highest common divisor of v and a.
11
Let m(f) = f**3 + 7*f**2 - 13*f - 4. Let v be m(6). Suppose -v = 23*z - 2502. What is the greatest common factor of 23 and z?
23
Suppose -c = -5*x + 1426, -3*x - 30*c + 876 = -34*c. Calculate the greatest common divisor of x and 1207.
71
Let o = -944 - -961. Let z be (56/(-6) + -2)*-12. Calculate the greatest common divisor of z and o.
17
Let f = -2426 + 2437. What is the greatest common divisor of f and 13?
1
Let s(i) = 7*i + 12 - 8*i + 6*i + 22*i. Let t be s(4). What is the highest common divisor of t and 40?
40
Let y be (126/33 - 4) + (-5)/((-110)/334). Calculate the